be 10/(-25) - (-192)/5. Let t = -23 + n. What is the tens digit of t?
1
Suppose -g = g - 14. Suppose 2*h - g*h = -5. Let c = 3 - h. What is the units digit of c?
2
Let b = -31 + 19. Let k be (3/1)/(b/(-8)). Suppose 0 = -4*m - 2*a + 68, -k*m + 34 = -3*a + a. What is the units digit of m?
7
Suppose 0 + 3 = -2*b - 3*f, -3*f = -2*b + 15. Suppose 0 = -0*k - k + 5*o - 3, b*k - o + 23 = 0. What is the units digit of ((-6)/k)/(2/16)?
6
What is the tens digit of 231/(-6)*(-14)/7?
7
Let q = 27 + -13. What is the units digit of q?
4
Suppose -3*v + 7 + 0 = 4*t, 0 = -5*v - 2*t + 21. Suppose -5*y = -5 - v. Suppose -y*j = -3*l - 18, -j + 4 = 5*l + 21. What is the units digit of j?
3
What is the units digit of (12/7)/((-14)/(-245))?
0
Let o = 15 + -10. What is the tens digit of (4/o)/(6/165)?
2
Let z = 29 - -5. What is the units digit of z?
4
Let w(z) be the first derivative of -z**2/2 + 13*z - 3. What is the units digit of w(9)?
4
Suppose 3*f - 5 = -j, -2*f + 4*j + j = -26. Suppose -t = -1, n = 4*t - 3 + 1. Suppose -f*b + 40 = n*b. What is the units digit of b?
8
Suppose w - 95 = -4*i + 81, w + 2*i - 184 = 0. What is the units digit of w?
2
Let h(w) = 6*w**2 + 4*w - 5. Let i be h(-4). Suppose 0 = -5*c - a + i, a - 61 = -2*c - 2*c. What is the units digit of c?
4
Let g = -2 - -80. What is the tens digit of ((-12)/9)/((-4)/g)?
2
Suppose -4*o = m - 405, 7*o - 2*m = 4*o + 301. What is the hundreds digit of o?
1
Suppose 0 = 3*o + 8 - 62. What is the units digit of 1*2 + o/2?
1
Let s(f) = 3*f - 3. Let y be s(5). Let k(r) = r**2 - 6*r + 5. Let w be k(5). Let v = y - w. What is the units digit of v?
2
Let l = -63 + 111. What is the tens digit of l?
4
Let q = 3 - -6. Let a(r) = r - 5. Let t be a(q). Suppose 4*l - t = 0, -l + 28 = d + 2*d. What is the units digit of d?
9
Let s(r) be the third derivative of -r**4/8 + r**3/6 - 3*r**2. Let p be -1*(1/(-1) + 3). What is the units digit of s(p)?
7
Let r(d) = d**3 + 8*d**2 + 6*d + 3. Let t be r(-5). Suppose -2*c - 2*c = -t. What is the tens digit of c?
1
Let z(p) = 9 + 2 + 1 + p. Suppose -28 = 2*v - 10. What is the units digit of z(v)?
3
Let n(m) = -m + 16. Let b = 14 - 7. Let u be n(b). Suppose 3 = -3*z + u. What is the units digit of z?
2
Let v be 45/6*(-4)/6. Let s = 11 - v. What is the tens digit of s?
1
Let c be -26 + (-7 - 2)/(-3). Let u = -8 - c. What is the units digit of u?
5
Let a(w) = -3*w + 6. Let c be a(4). Let s(p) = -p. What is the units digit of s(c)?
6
Let g = -86 - -123. What is the tens digit of g?
3
Let t = -6 + 10. Let m(i) = -5 + 0 - t + i - 2. What is the units digit of m(12)?
1
Let a = -36 - -65. What is the tens digit of a?
2
Suppose 0 = -0*i - 2*i + 76. What is the tens digit of i?
3
Let m(x) = -x**3 + 4*x**2 + 4*x + 1. Let p be m(5). Let o = -6 - p. What is the tens digit of 1 - (3 + 3)*o?
1
Suppose -3*s + 5*y + 167 = 0, -194 = -5*s + 3*y + 63. What is the units digit of s?
9
Suppose -6 - 54 = 5*b. Let p be (36/(-1))/(15/10). Let g = b - p. What is the tens digit of g?
1
Let n(q) = q + 7. Let c be n(-6). Suppose -c = -t + 1. Suppose 0 = t*p + 3*a - 31, -5*p + a + 25 = -2*a. What is the units digit of p?
8
Suppose 2*q - 2*c - 122 = 0, -q = -0*q - 4*c - 76. Suppose q = 4*x - 0*t + t, 3*x - 49 = t. What is the units digit of x?
5
Let l(v) = 18*v**3 + v**2 - v. Let m be 1 - (2 - (6 + -4)). What is the tens digit of l(m)?
1
Let k(g) = g**2 + 8*g - 5. Let f be k(-7). Let h be -3 - -2 - f - -2. Let y = -7 + h. What is the units digit of y?
6
Suppose h - 3 = 3. Let d = h - -2. What is the units digit of d?
8
Let u(o) = 2*o + 10. Let s be u(9). Suppose -4*w = -5*c - 76, -3*c - 60 = -3*w - 0*c. Suppose s = 5*x + k, -x = -6*x - 3*k + w. What is the units digit of x?
6
Let m(l) = 5*l**2 + 2*l - 2. Let f(z) = -3*z**3 - z**2 - z + 1. Let y be f(1). Let t be y/4*(3 - 1). What is the units digit of m(t)?
4
Suppose -36 = -3*y + 273. What is the tens digit of y?
0
Suppose -j - 62 = 130. Let k(g) = -g**2 + 4*g - 1. Let x be k(3). What is the tens digit of x/7 - j/14?
1
Suppose u + 5*v - 75 - 5 = 0, -5*v = -u + 40. What is the units digit of u?
0
Suppose 50*d + 328 = 54*d. What is the tens digit of d?
8
Let c(a) = a**2 + a + 3. Suppose -j = j. Let k be c(j). Suppose -4 = -4*x, -3*o + 9 = o - k*x. What is the units digit of o?
3
Suppose 4*j - 2 = 10. Suppose j*d - 39 = -0*d. What is the units digit of d?
3
Let w = -223 - -394. What is the hundreds digit of w?
1
Let d = -5 + 4. What is the units digit of 4/(-4)*1*d?
1
Let q(c) = 7 - c + 2*c + 0*c. Let j be q(-5). Suppose 0 = -r - 0*r + j. What is the units digit of r?
2
Let t(r) = -r**3 + 9*r**2 + 9*r + 11. Let g be (0 + -1)/(5/(-30)). Let f be (8/(-10))/(g/(-75)). What is the units digit of t(f)?
1
Let m = -22 + 16. What is the units digit of (2/m)/((-13)/819)?
1
Suppose 0 = -6*d + 2*d + 932. What is the units digit of d?
3
Let f = -6 + 9. Suppose -f*d - 2 = -2*d + 5*o, -d = 4*o + 1. What is the units digit of d?
3
Suppose t = f - 6*f + 30, -3*f - t = -18. What is the units digit of f?
6
Suppose -9 = -2*d + 1. Suppose h + 256 = d*g, -g - 3*h + 48 = -0*h. What is the tens digit of g?
5
Let o = -27 - 0. Let b = -11 - o. What is the tens digit of b?
1
Let d = 56 - -37. What is the tens digit of d?
9
Let t(a) = -a - 3. Let g = -4 + 7. Suppose 4*j + g = -17. What is the units digit of t(j)?
2
Suppose -n - 18 + 3 = 0. Let j = n - -47. What is the units digit of j?
2
Let d(c) = -c + 16. Let k be d(12). Let l(o) = 2*o - 4. Let j be l(k). What is the tens digit of 3*j/6 - -16?
1
Let d(m) = -m. Let k(g) = 3*g. Let n(o) = 5*d(o) + 2*k(o). What is the units digit of n(6)?
6
Let y be (-6)/(-9)*-3*-2. Suppose v + g + y*g = -23, -5*v - 138 = 2*g. What is the units digit of (-4)/(-14) - 160/v?
6
Let t = -184 - -279. What is the tens digit of t?
9
Let g(d) = -d**2 - 8*d + 2. Let a be g(-7). Suppose 0 = 4*j - a*j + 40. What is the units digit of j?
8
Suppose -5*k + 3*k = 0. Suppose 5*h - 3*v - 65 = 0, k = -4*h + 3*h - 2*v. What is the tens digit of h?
1
Let q(h) = 5*h + 2. Let w be q(4). What is the tens digit of (1*-6)/2 + w?
1
Let j(t) = t**3 + 4*t**2 + t - 4. Let d be j(-3). Suppose -d*u + 4 = -0. What is the units digit of (4*(u - 0))/2?
4
Let i be -1*(-6*2 - -1). Suppose i + 10 = d. Let k = -15 + d. What is the units digit of k?
6
Let c = -13 + 18. Let n = c + 6. What is the units digit of n?
1
Suppose 0 - 4 = -d. Suppose 2 + 14 = d*j. Let x = j + 3. What is the units digit of x?
7
What is the units digit of (12/10)/(8/100)?
5
Suppose 3*d = 5*d - 134. What is the units digit of d?
7
Suppose -3*m + 2*k + 155 = 0, -5*m + 7 + 244 = 4*k. What is the units digit of m?
1
Let c = 39 + -81. Let j = -29 - c. What is the units digit of j?
3
Suppose -2*j - 5*j + 420 = 0. What is the tens digit of j?
6
Suppose 5*n - 9 - 1 = 0. What is the units digit of n?
2
Let f = -1 + 22. What is the units digit of f?
1
What is the units digit of 4/(-14) - 746/(-14)?
3
Suppose -6 = -4*l - 14. Let q(n) = -5*n**3 - n - 4. What is the units digit of q(l)?
8
Let a = -10 + 13. Suppose -a*j = -7*j + 208. What is the units digit of j?
2
Let c(q) = 3*q - 1. Let x be c(2). Suppose p + w = 0, w = -3*p - w - x. Let k = p - -22. What is the units digit of k?
7
Let v = 40 + -69. Let a = v - -44. What is the units digit of a?
5
Suppose 159 = 4*s + 5*r - 2*r, 3*s = -2*r + 120. What is the units digit of s?
2
Suppose 5*g + 2*n = 5*n + 1215, 5 = n. What is the tens digit of g?
4
Suppose 0 = 2*l - v - 47, 36 = 2*l + v - 21. Suppose 5*c = 15, 0 = -5*i + 4*c + 7 + l. Let m = i - 5. What is the units digit of m?
4
Let c = -287 + 413. What is the units digit of c?
6
Let m(s) = 6*s. Let b(x) = -2*x - 4. Let f be b(-3). What is the units digit of m(f)?
2
Suppose -w + 56 = 3*w. What is the units digit of w?
4
Let f = -1 - -4. Let b = 140 + -76. Suppose f*s = -s + b. What is the tens digit of s?
1
Let t(p) = -p. Let n(g) = -4*g - 17. Let q(j) = -n(j) + 3*t(j). What is the units digit of q(-7)?
0
Suppose 74 = 5*k + r - 0*r, -2*k + 3*r = -16. What is the units digit of k?
4
Let j(f) = -f**2 - 3*f + 5. Let c be (-2)/(-5) + (-7)/5. Let q = c - 3. What is the units digit of j(q)?
1
Let o = 11 - -10. What is the tens digit of o?
2
Suppose -224 = -5*g + g. What is the units digit of g?
6
Suppose 82 = -6*r + 8*r. What is the units dig